[INFO] cloning repository https://github.com/ubnt-intrepid/finchers-graphql-example
[INFO] running `Command { std: "git" "-c" "credential.helper=" "-c" "credential.helper=/workspace/cargo-home/bin/git-credential-null" "clone" "--bare" "https://github.com/ubnt-intrepid/finchers-graphql-example" "/workspace/cache/git-repos/https%3A%2F%2Fgithub.com%2Fubnt-intrepid%2Ffinchers-graphql-example", kill_on_drop: false }`
[INFO] [stderr] Cloning into bare repository '/workspace/cache/git-repos/https%3A%2F%2Fgithub.com%2Fubnt-intrepid%2Ffinchers-graphql-example'...
[INFO] running `Command { std: "git" "rev-parse" "HEAD", kill_on_drop: false }`
[INFO] [stdout] 7f65e5d0af3a079cb74e479766d3f6c40b4bf90c
[INFO] checking ubnt-intrepid/finchers-graphql-example against master#af3c6e733a40e671550e0f0f5aeecaa13772ba56 for pr-74989
[INFO] running `Command { std: "git" "clone" "/workspace/cache/git-repos/https%3A%2F%2Fgithub.com%2Fubnt-intrepid%2Ffinchers-graphql-example" "/workspace/builds/worker-13/source", kill_on_drop: false }`
[INFO] [stderr] Cloning into '/workspace/builds/worker-13/source'...
[INFO] [stderr] done.
[INFO] validating manifest of git repo https://github.com/ubnt-intrepid/finchers-graphql-example on toolchain af3c6e733a40e671550e0f0f5aeecaa13772ba56
[INFO] running `Command { std: "/workspace/cargo-home/bin/cargo" "+af3c6e733a40e671550e0f0f5aeecaa13772ba56" "read-manifest" "--manifest-path" "Cargo.toml", kill_on_drop: false }`
[INFO] started tweaking git repo https://github.com/ubnt-intrepid/finchers-graphql-example
[INFO] finished tweaking git repo https://github.com/ubnt-intrepid/finchers-graphql-example
[INFO] tweaked toml for git repo https://github.com/ubnt-intrepid/finchers-graphql-example written to /workspace/builds/worker-13/source/Cargo.toml
[INFO] crate git repo https://github.com/ubnt-intrepid/finchers-graphql-example already has a lockfile, it will not be regenerated
[INFO] running `Command { std: "/workspace/cargo-home/bin/cargo" "+af3c6e733a40e671550e0f0f5aeecaa13772ba56" "fetch" "--locked" "--manifest-path" "Cargo.toml", kill_on_drop: false }`
[INFO] [stderr]     Blocking waiting for file lock on package cache
[INFO] [stderr]     Blocking waiting for file lock on package cache
[INFO] running `Command { std: "docker" "create" "-v" "/var/lib/crater-agent-workspace/builds/worker-13/target:/opt/rustwide/target:rw,Z" "-v" "/var/lib/crater-agent-workspace/builds/worker-13/source:/opt/rustwide/workdir:ro,Z" "-v" "/var/lib/crater-agent-workspace/cargo-home:/opt/rustwide/cargo-home:ro,Z" "-v" "/var/lib/crater-agent-workspace/rustup-home:/opt/rustwide/rustup-home:ro,Z" "-e" "SOURCE_DIR=/opt/rustwide/workdir" "-e" "CARGO_TARGET_DIR=/opt/rustwide/target" "-e" "CARGO_HOME=/opt/rustwide/cargo-home" "-e" "RUSTUP_HOME=/opt/rustwide/rustup-home" "-w" "/opt/rustwide/workdir" "-m" "1610612736" "--user" "0:0" "--network" "none" "rustops/crates-build-env@sha256:d92eaeed33fa75130ca1ee6c8a01d1ffb62bac859dfdfb3450e3e5d1c0146529" "/opt/rustwide/cargo-home/bin/cargo" "+af3c6e733a40e671550e0f0f5aeecaa13772ba56" "metadata" "--no-deps" "--format-version=1", kill_on_drop: false }`
[INFO] [stdout] 0f85dc5153486674c4bb3c36964735723b82ce263e5701910ede79625708d335
[INFO] [stderr] WARNING: Your kernel does not support swap limit capabilities or the cgroup is not mounted. Memory limited without swap.
[INFO] running `Command { std: "docker" "start" "-a" "0f85dc5153486674c4bb3c36964735723b82ce263e5701910ede79625708d335", kill_on_drop: false }`
[INFO] running `Command { std: "docker" "inspect" "0f85dc5153486674c4bb3c36964735723b82ce263e5701910ede79625708d335", kill_on_drop: false }`
[INFO] running `Command { std: "docker" "rm" "-f" "0f85dc5153486674c4bb3c36964735723b82ce263e5701910ede79625708d335", kill_on_drop: false }`
[INFO] [stdout] 0f85dc5153486674c4bb3c36964735723b82ce263e5701910ede79625708d335
[INFO] running `Command { std: "docker" "create" "-v" "/var/lib/crater-agent-workspace/builds/worker-13/target:/opt/rustwide/target:rw,Z" "-v" "/var/lib/crater-agent-workspace/builds/worker-13/source:/opt/rustwide/workdir:ro,Z" "-v" "/var/lib/crater-agent-workspace/cargo-home:/opt/rustwide/cargo-home:ro,Z" "-v" "/var/lib/crater-agent-workspace/rustup-home:/opt/rustwide/rustup-home:ro,Z" "-e" "SOURCE_DIR=/opt/rustwide/workdir" "-e" "CARGO_TARGET_DIR=/opt/rustwide/target" "-e" "CARGO_INCREMENTAL=0" "-e" "RUST_BACKTRACE=full" "-e" "RUSTFLAGS=--cap-lints=forbid" "-e" "CARGO_HOME=/opt/rustwide/cargo-home" "-e" "RUSTUP_HOME=/opt/rustwide/rustup-home" "-w" "/opt/rustwide/workdir" "-m" "1610612736" "--user" "0:0" "--network" "none" "rustops/crates-build-env@sha256:d92eaeed33fa75130ca1ee6c8a01d1ffb62bac859dfdfb3450e3e5d1c0146529" "/opt/rustwide/cargo-home/bin/cargo" "+af3c6e733a40e671550e0f0f5aeecaa13772ba56" "check" "--frozen" "--all" "--all-targets" "--message-format=json", kill_on_drop: false }`
[INFO] [stdout] 45db756ba2709e8da49fd21280f633b3b35572b9a29f56192e1212334d432ab1
[INFO] [stderr] WARNING: Your kernel does not support swap limit capabilities or the cgroup is not mounted. Memory limited without swap.
[INFO] running `Command { std: "docker" "start" "-a" "45db756ba2709e8da49fd21280f633b3b35572b9a29f56192e1212334d432ab1", kill_on_drop: false }`
[INFO] [stderr]     Checking futures v0.1.24
[INFO] [stderr]    Compiling cc v1.0.24
[INFO] [stderr]     Checking rand_core v0.2.1
[INFO] [stderr]     Checking void v1.0.2
[INFO] [stderr]    Compiling serde v1.0.78
[INFO] [stderr]     Checking lazycell v1.0.0
[INFO] [stderr]    Compiling regex v1.0.5
[INFO] [stderr]     Checking nodrop v0.1.12
[INFO] [stderr]    Compiling siphasher v0.2.3
[INFO] [stderr]    Compiling httparse v1.3.2
[INFO] [stderr]    Compiling num-integer v0.1.39
[INFO] [stderr]     Checking safemem v0.2.0
[INFO] [stderr]     Checking pin-utils v0.1.0-alpha.2
[INFO] [stderr]    Compiling ucd-util v0.1.1
[INFO] [stderr]     Checking try-lock v0.2.2
[INFO] [stderr]    Compiling utf8-ranges v1.0.1
[INFO] [stderr]     Checking string v0.1.1
[INFO] [stderr]     Checking quick-error v1.2.2
[INFO] [stderr]     Checking antidote v1.0.0
[INFO] [stderr]     Checking termcolor v1.0.3
[INFO] [stderr]     Checking opaque-debug v0.1.1
[INFO] [stderr]     Checking untrusted v0.6.2
[INFO] [stderr]    Compiling unicase v1.4.2
[INFO] [stderr]    Compiling unicase v2.1.0
[INFO] [stderr]    Compiling finchers v0.12.0-alpha.5
[INFO] [stderr]    Compiling finchers-juniper v0.1.0-alpha.3
[INFO] [stderr]     Checking log v0.4.5
[INFO] [stderr]     Checking uuid v0.6.5
[INFO] [stderr]    Compiling memchr v2.0.2
[INFO] [stderr]     Checking net2 v0.2.33
[INFO] [stderr]    Compiling proc-macro2 v0.3.8
[INFO] [stderr]     Checking futures-core-preview v0.3.0-alpha.6
[INFO] [stdout] error[E0432]: unresolved import `core::pin::PinMut`
[INFO] [stdout]  --> /opt/rustwide/cargo-home/registry/src/github.com-1ecc6299db9ec823/futures-core-preview-0.3.0-alpha.6/src/future.rs:4:5
[INFO] [stdout]   |
[INFO] [stdout] 4 | use core::pin::PinMut;
[INFO] [stdout]   |     ^^^^^^^^^^^^^^^^^ no `PinMut` in `pin`
[INFO] [stdout] 
[INFO] [stdout] 
[INFO] [stdout] error[E0432]: unresolved imports `core::future::FutureObj`, `core::future::LocalFutureObj`, `core::future::UnsafeFutureObj`
[INFO] [stdout]  --> /opt/rustwide/cargo-home/registry/src/github.com-1ecc6299db9ec823/futures-core-preview-0.3.0-alpha.6/src/future.rs:6:32
[INFO] [stdout]   |
[INFO] [stdout] 6 | pub use core::future::{Future, FutureObj, LocalFutureObj, UnsafeFutureObj};
[INFO] [stdout]   |                                ^^^^^^^^^  ^^^^^^^^^^^^^^  ^^^^^^^^^^^^^^^ no `UnsafeFutureObj` in `future`
[INFO] [stdout]   |                                |          |
[INFO] [stdout]   |                                |          no `LocalFutureObj` in `future`
[INFO] [stdout]   |                                no `FutureObj` in `future`
[INFO] [stdout]   |                                help: a similar name exists in the module: `Future`
[INFO] [stdout] 
[INFO] [stdout] 
[INFO] [stdout] error[E0432]: unresolved import `core::pin::PinMut`
[INFO] [stdout]  --> /opt/rustwide/cargo-home/registry/src/github.com-1ecc6299db9ec823/futures-core-preview-0.3.0-alpha.6/src/stream/mod.rs:5:5
[INFO] [stdout]   |
[INFO] [stdout] 5 | use core::pin::PinMut;
[INFO] [stdout]   |     ^^^^^^^^^^^^^^^^^ no `PinMut` in `pin`
[INFO] [stdout] 
[INFO] [stdout] 
[INFO] [stdout] error[E0432]: unresolved import `core::pin::PinMut`
[INFO] [stdout]  --> /opt/rustwide/cargo-home/registry/src/github.com-1ecc6299db9ec823/futures-core-preview-0.3.0-alpha.6/src/stream/stream_obj.rs:5:5
[INFO] [stdout]   |
[INFO] [stdout] 5 | use core::pin::PinMut;
[INFO] [stdout]   |     ^^^^^^^^^^^^^^^^^ no `PinMut` in `pin`
[INFO] [stdout] 
[INFO] [stdout] 
[INFO] [stdout] error[E0433]: failed to resolve: use of undeclared type or module `std`
[INFO] [stdout]    --> /opt/rustwide/cargo-home/registry/src/github.com-1ecc6299db9ec823/futures-core-preview-0.3.0-alpha.6/src/stream/stream_obj.rs:196:9
[INFO] [stdout]     |
[INFO] [stdout] 196 |     use std::boxed::Box;
[INFO] [stdout]     |         ^^^ use of undeclared type or module `std`
[INFO] [stdout] 
[INFO] [stdout] 
[INFO] [stdout] error[E0433]: failed to resolve: use of undeclared type or module `std`
[INFO] [stdout]    --> /opt/rustwide/cargo-home/registry/src/github.com-1ecc6299db9ec823/futures-core-preview-0.3.0-alpha.6/src/stream/stream_obj.rs:197:9
[INFO] [stdout]     |
[INFO] [stdout] 197 |     use std::pin::PinBox;
[INFO] [stdout]     |         ^^^ use of undeclared type or module `std`
[INFO] [stdout] 
[INFO] [stdout] 
[INFO] [stdout] error[E0433]: failed to resolve: use of undeclared type or module `std`
[INFO] [stdout]    --> /opt/rustwide/cargo-home/registry/src/github.com-1ecc6299db9ec823/futures-core-preview-0.3.0-alpha.6/src/stream/mod.rs:131:9
[INFO] [stdout]     |
[INFO] [stdout] 131 |     use std::boxed::Box;
[INFO] [stdout]     |         ^^^ use of undeclared type or module `std`
[INFO] [stdout] 
[INFO] [stdout] 
[INFO] [stdout] error[E0433]: failed to resolve: use of undeclared type or module `std`
[INFO] [stdout]    --> /opt/rustwide/cargo-home/registry/src/github.com-1ecc6299db9ec823/futures-core-preview-0.3.0-alpha.6/src/stream/mod.rs:132:9
[INFO] [stdout]     |
[INFO] [stdout] 132 |     use std::pin::PinBox;
[INFO] [stdout]     |         ^^^ use of undeclared type or module `std`
[INFO] [stdout] 
[INFO] [stdout] 
[INFO] [stdout] error[E0433]: failed to resolve: use of undeclared type or module `std`
[INFO] [stdout]   --> /opt/rustwide/cargo-home/registry/src/github.com-1ecc6299db9ec823/futures-core-preview-0.3.0-alpha.6/src/task.rs:10:13
[INFO] [stdout]    |
[INFO] [stdout] 10 |     pub use std::task::{Wake, local_waker, local_waker_from_nonlocal};
[INFO] [stdout]    |             ^^^ use of undeclared type or module `std`
[INFO] [stdout] 
[INFO] [stdout] 
[INFO] [stdout] error[E0432]: unresolved imports `core::task::Spawn`, `core::task::LocalWaker`, `core::task::UnsafeWake`, `core::task::SpawnErrorKind`, `core::task::SpawnObjError`, `core::task::SpawnLocalObjError`
[INFO] [stdout]  --> /opt/rustwide/cargo-home/registry/src/github.com-1ecc6299db9ec823/futures-core-preview-0.3.0-alpha.6/src/task.rs:4:20
[INFO] [stdout]   |
[INFO] [stdout] 4 |     Context, Poll, Spawn,
[INFO] [stdout]   |                    ^^^^^ no `Spawn` in `task`
[INFO] [stdout] 5 |     Waker, LocalWaker, UnsafeWake,
[INFO] [stdout]   |            ^^^^^^^^^^  ^^^^^^^^^^ no `UnsafeWake` in `task`
[INFO] [stdout]   |            |
[INFO] [stdout]   |            no `LocalWaker` in `task`
[INFO] [stdout] 6 |     SpawnErrorKind, SpawnObjError, SpawnLocalObjError,
[INFO] [stdout]   |     ^^^^^^^^^^^^^^  ^^^^^^^^^^^^^  ^^^^^^^^^^^^^^^^^^ no `SpawnLocalObjError` in `task`
[INFO] [stdout]   |     |               |
[INFO] [stdout]   |     |               no `SpawnObjError` in `task`
[INFO] [stdout]   |     no `SpawnErrorKind` in `task`
[INFO] [stdout] 
[INFO] [stdout] 
[INFO] [stderr]    Compiling rand v0.5.5
[INFO] [stdout] error[E0433]: failed to resolve: use of undeclared type or module `Box`
[INFO] [stdout]    --> /opt/rustwide/cargo-home/registry/src/github.com-1ecc6299db9ec823/futures-core-preview-0.3.0-alpha.6/src/stream/stream_obj.rs:203:13
[INFO] [stdout]     |
[INFO] [stdout] 203 |             Box::into_raw(self) as *mut ()
[INFO] [stdout]     |             ^^^ use of undeclared type or module `Box`
[INFO] [stdout] 
[INFO] [stdout] 
[INFO] [stdout] error[E0433]: failed to resolve: use of undeclared type or module `Box`
[INFO] [stdout]    --> /opt/rustwide/cargo-home/registry/src/github.com-1ecc6299db9ec823/futures-core-preview-0.3.0-alpha.6/src/stream/stream_obj.rs:213:18
[INFO] [stdout]     |
[INFO] [stdout] 213 |             drop(Box::from_raw(ptr as *mut F))
[INFO] [stdout]     |                  ^^^ use of undeclared type or module `Box`
[INFO] [stdout] 
[INFO] [stdout] 
[INFO] [stdout] error[E0433]: failed to resolve: use of undeclared type or module `PinBox`
[INFO] [stdout]    --> /opt/rustwide/cargo-home/registry/src/github.com-1ecc6299db9ec823/futures-core-preview-0.3.0-alpha.6/src/stream/stream_obj.rs:221:13
[INFO] [stdout]     |
[INFO] [stdout] 221 |             PinBox::into_raw(self) as *mut ()
[INFO] [stdout]     |             ^^^^^^ use of undeclared type or module `PinBox`
[INFO] [stdout] 
[INFO] [stdout] 
[INFO] [stdout] error[E0433]: failed to resolve: use of undeclared type or module `PinBox`
[INFO] [stdout]    --> /opt/rustwide/cargo-home/registry/src/github.com-1ecc6299db9ec823/futures-core-preview-0.3.0-alpha.6/src/stream/stream_obj.rs:231:18
[INFO] [stdout]     |
[INFO] [stdout] 231 |             drop(PinBox::from_raw(ptr as *mut F))
[INFO] [stdout]     |                  ^^^^^^ use of undeclared type or module `PinBox`
[INFO] [stdout] 
[INFO] [stdout] 
[INFO] [stderr]     Checking base64 v0.9.2
[INFO] [stdout] error[E0433]: failed to resolve: could not find `std` in `{{root}}`
[INFO] [stdout]    --> /opt/rustwide/cargo-home/registry/src/github.com-1ecc6299db9ec823/futures-core-preview-0.3.0-alpha.6/src/stream/mod.rs:156:34
[INFO] [stdout]     |
[INFO] [stdout] 156 |     impl<S: Stream> Stream for ::std::panic::AssertUnwindSafe<S> {
[INFO] [stdout]     |                                  ^^^ could not find `std` in `{{root}}`
[INFO] [stdout] 
[INFO] [stdout] 
[INFO] [stdout] error[E0433]: failed to resolve: could not find `std` in `{{root}}`
[INFO] [stdout]    --> /opt/rustwide/cargo-home/registry/src/github.com-1ecc6299db9ec823/futures-core-preview-0.3.0-alpha.6/src/stream/mod.rs:167:33
[INFO] [stdout]     |
[INFO] [stdout] 167 |     impl<T: Unpin> Stream for ::std::collections::VecDeque<T> {
[INFO] [stdout]     |                                 ^^^ could not find `std` in `{{root}}`
[INFO] [stdout] 
[INFO] [stdout] 
[INFO] [stdout] error[E0412]: cannot find type `Box` in this scope
[INFO] [stdout]    --> /opt/rustwide/cargo-home/registry/src/github.com-1ecc6299db9ec823/futures-core-preview-0.3.0-alpha.6/src/stream/stream_obj.rs:199:54
[INFO] [stdout]     |
[INFO] [stdout] 199 |     unsafe impl<'a, T, F> UnsafeStreamObj<'a, T> for Box<F>
[INFO] [stdout]     |                                                      ^^^ not found in this scope
[INFO] [stdout] 
[INFO] [stdout] 
[INFO] [stdout] error[E0412]: cannot find type `PinBox` in this scope
[INFO] [stdout]    --> /opt/rustwide/cargo-home/registry/src/github.com-1ecc6299db9ec823/futures-core-preview-0.3.0-alpha.6/src/stream/stream_obj.rs:217:54
[INFO] [stdout]     |
[INFO] [stdout] 217 |     unsafe impl<'a, T, F> UnsafeStreamObj<'a, T> for PinBox<F>
[INFO] [stdout]     |                                                      ^^^^^^ not found in this scope
[INFO] [stdout] 
[INFO] [stdout] 
[INFO] [stdout] error[E0412]: cannot find type `PinBox` in this scope
[INFO] [stdout]    --> /opt/rustwide/cargo-home/registry/src/github.com-1ecc6299db9ec823/futures-core-preview-0.3.0-alpha.6/src/stream/stream_obj.rs:235:53
[INFO] [stdout]     |
[INFO] [stdout] 235 |     impl<'a, F: Stream<Item = ()> + Send + 'a> From<PinBox<F>> for StreamObj<'a, ()> {
[INFO] [stdout]     |                                                     ^^^^^^ not found in this scope
[INFO] [stdout] 
[INFO] [stdout] 
[INFO] [stdout] error[E0412]: cannot find type `PinBox` in this scope
[INFO] [stdout]    --> /opt/rustwide/cargo-home/registry/src/github.com-1ecc6299db9ec823/futures-core-preview-0.3.0-alpha.6/src/stream/stream_obj.rs:236:24
[INFO] [stdout]     |
[INFO] [stdout] 236 |         fn from(boxed: PinBox<F>) -> Self {
[INFO] [stdout]     |                        ^^^^^^ not found in this scope
[INFO] [stdout] 
[INFO] [stdout] 
[INFO] [stdout] error[E0412]: cannot find type `Box` in this scope
[INFO] [stdout]    --> /opt/rustwide/cargo-home/registry/src/github.com-1ecc6299db9ec823/futures-core-preview-0.3.0-alpha.6/src/stream/stream_obj.rs:241:53
[INFO] [stdout]     |
[INFO] [stdout] 241 |     impl<'a, F: Stream<Item = ()> + Send + 'a> From<Box<F>> for StreamObj<'a, ()> {
[INFO] [stdout]     |                                                     ^^^ not found in this scope
[INFO] [stdout] 
[INFO] [stdout] 
[INFO] [stderr]     Checking unreachable v1.0.0
[INFO] [stdout] error[E0412]: cannot find type `Box` in this scope
[INFO] [stdout]    --> /opt/rustwide/cargo-home/registry/src/github.com-1ecc6299db9ec823/futures-core-preview-0.3.0-alpha.6/src/stream/stream_obj.rs:242:24
[INFO] [stdout]     |
[INFO] [stdout] 242 |         fn from(boxed: Box<F>) -> Self {
[INFO] [stdout]     |                        ^^^ not found in this scope
[INFO] [stdout] 
[INFO] [stdout] 
[INFO] [stdout] error[E0412]: cannot find type `PinBox` in this scope
[INFO] [stdout]    --> /opt/rustwide/cargo-home/registry/src/github.com-1ecc6299db9ec823/futures-core-preview-0.3.0-alpha.6/src/stream/stream_obj.rs:247:46
[INFO] [stdout]     |
[INFO] [stdout] 247 |     impl<'a, F: Stream<Item = ()> + 'a> From<PinBox<F>> for LocalStreamObj<'a, ()> {
[INFO] [stdout]     |                                              ^^^^^^ not found in this scope
[INFO] [stdout] 
[INFO] [stdout] 
[INFO] [stdout] error[E0412]: cannot find type `PinBox` in this scope
[INFO] [stdout]    --> /opt/rustwide/cargo-home/registry/src/github.com-1ecc6299db9ec823/futures-core-preview-0.3.0-alpha.6/src/stream/stream_obj.rs:248:24
[INFO] [stdout]     |
[INFO] [stdout] 248 |         fn from(boxed: PinBox<F>) -> Self {
[INFO] [stdout]     |                        ^^^^^^ not found in this scope
[INFO] [stdout] 
[INFO] [stdout] 
[INFO] [stdout] error[E0412]: cannot find type `Box` in this scope
[INFO] [stdout]    --> /opt/rustwide/cargo-home/registry/src/github.com-1ecc6299db9ec823/futures-core-preview-0.3.0-alpha.6/src/stream/stream_obj.rs:253:46
[INFO] [stdout]     |
[INFO] [stdout] 253 |     impl<'a, F: Stream<Item = ()> + 'a> From<Box<F>> for LocalStreamObj<'a, ()> {
[INFO] [stdout]     |                                              ^^^ not found in this scope
[INFO] [stdout] 
[INFO] [stdout] 
[INFO] [stdout] error[E0412]: cannot find type `Box` in this scope
[INFO] [stdout]    --> /opt/rustwide/cargo-home/registry/src/github.com-1ecc6299db9ec823/futures-core-preview-0.3.0-alpha.6/src/stream/stream_obj.rs:254:24
[INFO] [stdout]     |
[INFO] [stdout] 254 |         fn from(boxed: Box<F>) -> Self {
[INFO] [stdout]     |                        ^^^ not found in this scope
[INFO] [stdout] 
[INFO] [stdout] 
[INFO] [stdout] error[E0412]: cannot find type `Box` in this scope
[INFO] [stdout]    --> /opt/rustwide/cargo-home/registry/src/github.com-1ecc6299db9ec823/futures-core-preview-0.3.0-alpha.6/src/stream/mod.rs:134:49
[INFO] [stdout]     |
[INFO] [stdout] 134 |     impl<S: ?Sized + Stream + Unpin> Stream for Box<S> {
[INFO] [stdout]     |                                                 ^^^ not found in this scope
[INFO] [stdout] 
[INFO] [stdout] 
[INFO] [stdout] error[E0412]: cannot find type `PinBox` in this scope
[INFO] [stdout]    --> /opt/rustwide/cargo-home/registry/src/github.com-1ecc6299db9ec823/futures-core-preview-0.3.0-alpha.6/src/stream/mod.rs:145:41
[INFO] [stdout]     |
[INFO] [stdout] 145 |     impl<S: ?Sized + Stream> Stream for PinBox<S> {
[INFO] [stdout]     |                                         ^^^^^^ not found in this scope
[INFO] [stdout] 
[INFO] [stdout] 
[INFO] [stderr]     Checking arrayvec v0.4.7
[INFO] [stdout] error[E0207]: the type parameter `F` is not constrained by the impl trait, self type, or predicates
[INFO] [stdout]    --> /opt/rustwide/cargo-home/registry/src/github.com-1ecc6299db9ec823/futures-core-preview-0.3.0-alpha.6/src/stream/stream_obj.rs:235:14
[INFO] [stdout]     |
[INFO] [stdout] 235 |     impl<'a, F: Stream<Item = ()> + Send + 'a> From<PinBox<F>> for StreamObj<'a, ()> {
[INFO] [stdout]     |              ^ unconstrained type parameter
[INFO] [stdout] 
[INFO] [stdout] 
[INFO] [stdout] error[E0207]: the type parameter `F` is not constrained by the impl trait, self type, or predicates
[INFO] [stdout]    --> /opt/rustwide/cargo-home/registry/src/github.com-1ecc6299db9ec823/futures-core-preview-0.3.0-alpha.6/src/stream/stream_obj.rs:241:14
[INFO] [stdout]     |
[INFO] [stdout] 241 |     impl<'a, F: Stream<Item = ()> + Send + 'a> From<Box<F>> for StreamObj<'a, ()> {
[INFO] [stdout]     |              ^ unconstrained type parameter
[INFO] [stdout] 
[INFO] [stdout] 
[INFO] [stdout] error[E0207]: the type parameter `F` is not constrained by the impl trait, self type, or predicates
[INFO] [stdout]    --> /opt/rustwide/cargo-home/registry/src/github.com-1ecc6299db9ec823/futures-core-preview-0.3.0-alpha.6/src/stream/stream_obj.rs:247:14
[INFO] [stdout]     |
[INFO] [stdout] 247 |     impl<'a, F: Stream<Item = ()> + 'a> From<PinBox<F>> for LocalStreamObj<'a, ()> {
[INFO] [stdout]     |              ^ unconstrained type parameter
[INFO] [stdout] 
[INFO] [stdout] 
[INFO] [stdout] error[E0207]: the type parameter `F` is not constrained by the impl trait, self type, or predicates
[INFO] [stdout]    --> /opt/rustwide/cargo-home/registry/src/github.com-1ecc6299db9ec823/futures-core-preview-0.3.0-alpha.6/src/stream/stream_obj.rs:253:14
[INFO] [stdout]     |
[INFO] [stdout] 253 |     impl<'a, F: Stream<Item = ()> + 'a> From<Box<F>> for LocalStreamObj<'a, ()> {
[INFO] [stdout]     |              ^ unconstrained type parameter
[INFO] [stdout] 
[INFO] [stdout] 
[INFO] [stdout] error: aborting due to 32 previous errors
[INFO] [stdout] 
[INFO] [stdout] 
[INFO] [stdout] Some errors have detailed explanations: E0207, E0412, E0432, E0433.
[INFO] [stdout] 
[INFO] [stdout] For more information about an error, try `rustc --explain E0207`.
[INFO] [stdout] 
[INFO] [stderr] error: could not compile `futures-core-preview`.
[INFO] [stderr] 
[INFO] [stderr] To learn more, run the command again with --verbose.
[INFO] [stderr] warning: build failed, waiting for other jobs to finish...
[INFO] [stderr] error: build failed
[INFO] running `Command { std: "docker" "inspect" "45db756ba2709e8da49fd21280f633b3b35572b9a29f56192e1212334d432ab1", kill_on_drop: false }`
[INFO] running `Command { std: "docker" "rm" "-f" "45db756ba2709e8da49fd21280f633b3b35572b9a29f56192e1212334d432ab1", kill_on_drop: false }`
[INFO] [stdout] 45db756ba2709e8da49fd21280f633b3b35572b9a29f56192e1212334d432ab1
